 137. Suppose w + 3 = 2*j, 2*w = -43*j + 48*j - 12. What is r(j)?
-29
Let m(h) be the first derivative of h**4/4 + 3*h**3 + 2*h**2 - 4*h + 7081. Calculate m(-8).
28
Let t be 3/(-12) - (-39)/12. Let s(x) = 15*x + 1 - 16*x - 7*x**t - 3*x**2 + 4*x**2. Let n = 318 + -317. Give s(n).
-6
Let c(u) = 124*u - 748. Let v be c(6). Let b(g) be the third derivative of 0*g + 2/3*g**3 + 0 - g**2 + 1/6*g**4 - 1/120*g**6 - 1/20*g**5. Give b(v).
4
Let o(b) be the first derivative of 4*b**3/3 - b**2 - 2*b + 1440. Let c(y) = 3*y - 15. Let n = 17 + -11. Let w be c(n). What is o(w)?
28
Let w(z) = -2*z**2 + 9*z + 1. Let p(s) = -7*s**2 + 20*s + 1. Let m(o) = -3*p(o) + 7*w(o). What is m(-2)?
26
Let h(f) = 3 - 1388*f**2 - 1384*f**2 + 6*f + 2769*f**2. Let j(u) = -3*u**2 - 12*u + 18. Let l be j(-5). What is h(l)?
-6
Let c(z) be the third derivative of -z**4/24 - 6*z**3 + 44*z**2 - 29. Determine c(5).
-41
Let h(f) = 2*f**3 - 14*f**2 + 22*f - 158. Let m be h(7). Let b(r) = 2*r + 6. Determine b(m).
-2
Let k = 1 + 1. Let j(v) be the second derivative of -v**4/8 + v**3/2 - 21*v**2/2 - 156*v. Let t(g) be the first derivative of j(g). Calculate t(k).
-3
Let b(o) = -5*o**2 - 57*o - 13. Let m(n) = n**2 + 14*n + 3. Let y(t) = -2*b(t) - 9*m(t). Let s(p) = 19*p**2 - 558*p + 2670. Let v be s(6). Determine y(v).
-37
Let j(k) = -k + 1. Let r = 843 - 754. Suppose 408 = -71*x - r. Calculate j(x).
8
Let q(k) be the first derivative of 141 - 1/3*k**3 + 3*k**2 + 5*k. Let n be (0 + -1)/(1/(-7)). What is q(n)?
-2
Let m(n) be the second derivative of -n**5/20 - 2*n**4/3 + 31*n**3/6 - 8*n**2 + 3*n. Let j be m(-11). Let d(v) = v**3 - 7*v**2 + 7*v + 7. Give d(j).
13
Suppose 2*x - 13 = -f, 4*f + 5*x = 4*x + 17. Let o(r) be the second derivative of -1/2*r**2 + 0 + 12*r + 7/6*r**f. Calculate o(-1).
-8
Let a be (4 - (-1)/(-3)*6)*1/(-2). Let f(l) = -58*l + 5. What is f(a)?
63
Suppose -3*b - 2*f - 52 = -5*b, 2*f = -3*b + 53. Let q be b/(-7) + (1 - -151). Let x(k) = 75*k + 2 - q*k + 77*k. Give x(-2).
-4
Suppose -5*q - 5*y = 75, -237*q + 241*q + 63 = -5*y. Let b(g) = -g + 2. Determine b(q).
14
Let j = -199 + 193. Suppose 3*f = p + 38, 2*f + 5*p - 12 = 3*p. Let m(u) = 2*u**2 + u - 15. Let z(a) = -a**2 + 8. Let w(s) = f*z(s) + 6*m(s). What is w(j)?
-2
Suppose 4 = 6*s + 4. Suppose 3*w = -4*y + 2*y, s = 3*y - 5*w. Suppose y*f + 20 = 4*f. Let t(o) = o**2 - 7*o + 6. Determine t(f).
-4
Let i be 6/1 - (-3 + 12) - 773. Let y = i + 772. Let q(d) = -d**3 - d**2 + 9*d - 1. Determine q(y).
11
Let i(c) = 3*c**2 - 19*c - 21*c - c**3 + 0*c + 58*c - 5 + 3. Give i(5).
38
Let l be (-9)/81*-24 + 2/(-3). Let d be -6 + 2 + l - (10 - 1). Let g(k) = k**3 + 10*k**2 - 11*k + 4. Calculate g(d).
4
Let j(l) = -l**3 + 109*l**2 + 50*l - 31*l - 66*l**2 + 30 - 59*l**2. Calculate j(-17).
-4
Let j(h) = 9*h**2 + 35*h + 315. Let f(n) = 4*n**2 + 18*n + 150. Let c(w) = 7*f(w) - 3*j(w). Give c(-8).
1
Let f(t) = 2*t**2 + 3*t - 2 + t**3 - 5*t**3 - 4*t**2. Let b = 53234 + -53232. Determine f(b).
-36
Let j(h) = 11*h**3 - h. Let z be (1 - 0)/((-5)/15) - -21. Let x = -7 - 12. Let d = z + x. Determine j(d).
-10
Let w(p) be the first derivative of p**4/2 - p**3/3 - p**2 + 4*p + 7621. Give w(0).
4
Let h(q) be the first derivative of -q**2/2 + 10*q - 16. Suppose -16 = 9*c - 5*c, -2*c = 2*w + 8. Calculate h(w).
10
Let b be 15/(-6) - (-2835)/14. Let c = b + -205. Let a(m) = 4 + 3 - 2 + 6*m + m**2. Give a(c).
0
Let l(q) = 0*q + 100 - 316 + 104 + 103 - q. What is l(12)?
-21
Let b be (5 + 72/(-15))/(952/(-80) + 12). Let z(i) be the third derivative of 0 + 0*i + 37*i**b + 1/24*i**4 - 1/12*i**5 + 1/3*i**3 - 1/120*i**6. What is z(-5)?
-3
Let h(g) = 3*g + 3 - 1 + 0*g + 0 + g**2. Let o be 4/(-10) + (-1148)/(-70). Let n(b) = -b**3 + 18*b**2 - 30*b - 35. Let c be n(o). Determine h(c).
2
Let a be 1752/104 - (41/(-13) - -3). Suppose a*j = 20*j + 15, 3*j + 39 = -4*w. Let y(p) = p**3 + 6*p**2 + 2*p - 2. Give y(w).
-14
Let r(m) = -14*m**2 - 7*m - 10. Suppose -121*q - 82 = -80*q. Determine r(q).
-52
Let k(s) = -462*s - 466*s - 13 + 926*s - 2. Calculate k(-2).
-11
Let d(f) = -2*f**2 + 0*f**2 + 6*f**2 + 2*f + f**3. Let p(n) = n**2 - 442*n + 5989. Let b be p(14). What is d(b)?
3
Suppose 0 = 2*v + 9 + 3. Let o(x) be the second derivative of -53*x + 3/2*x**2 + 1/2*x**3 + 0 + 1/12*x**4. What is o(v)?
21
Let l(y) be the third derivative of y**6/120 - y**5/60 - 11*y**4/24 + 7*y**3/6 + 2*y**2 - 20. Calculate l(3).
-8
Let w(h) = h**3 + 8*h**2 - 10*h - 13. Let d(n) = -3*n - 1. Let b be d(26). Let r = 24 + 46. Let v = r + b. Calculate w(v).
-4
Let b(d) = -6*d**2 + 51*d - 9. Suppose -27*h - 27*h + 14*h + 320 = 0. What is b(h)?
15
Let o(y) = 18*y - 46. Let k(f) = 10*f - 23. Let c(g) = -13*k(g) + 7*o(g). What is c(-8)?
9
Let g = 896 - 902. Let m(h) = 5 - 5*h + 2*h + 4*h - 2. Determine m(g).
-3
Let y(h) = 24*h + 381. Let o(s) = -74*s - 379. Let t(f) = -2*o(f) - 3*y(f). What is t(5)?
-5
Let c(f) = 0*f**2 - 1 - 12*f - 2*f**2 - 6. Let t be (((-153)/(-12))/(-17))/((-18)/(-120)). Give c(t).
3
Let g(w) = -6*w**3 - 3*w**2 + w + 2. Suppose -2*b - 10 = k, 3*k + 19 - 1 = 0. Give g(b).
36
Let d(x) be the first derivative of -x**2/2 - 6*x - 168. Suppose -4*b + 6*b + 28 = -3*m, 3*b - 3 = 3*m. What is d(m)?
0
Let z(l) = -3*l - 11. Let x(r) = -r - 6. Let m(h) = 5*x(h) - 2*z(h). Suppose 24 = 7*k - 67. Let s be k - 14 - -4*(-1 - -3). What is m(s)?
-1
Suppose -d + 4*d = 6. Let y(j) = -10*j**2 + 12. Suppose 4 = 18*r - 14. Let o(u) = u**2 - 2. Let w(c) = r*y(c) + 6*o(c). Calculate w(d).
-16
Let t(u) = u**2 + 30*u + 193. Let d be t(-21). Let j(i) = -26*i + 9. Let a(p) = -4*p + 1. Let z(k) = d*a(k) - j(k). What is z(1)?
5
Let f = -642 + 648. Let t(g) = 13*g**3 + 4*g**2 - 9*g + 20. Let r(q) = 11*q**3 + 5*q**2 - 9*q + 20. Let p(h) = f*r(h) - 5*t(h). Calculate p(-11).
-2
Suppose 3*r - 65 = 4*k, 2*r + 67 = -k + 92. Let x(l) be the first derivative of l**2 + 1/3*l**3 - 3*l - r. Calculate x(-4).
5
Let c(j) be the first derivative of j**4/4 + 5*j**3/3 - 3*j**2 + 2*j + 10. Let z be c(-6). Suppose -z*p - 12 = 4*p. Let f(o) = -o**2 + 1. Calculate f(p).
-3
Let n(t) be the third derivative of t**6/120 + t**5/4 - 3*t**4/4 - 11*t**3/6 - 62*t**2 + 30*t. Give n(-16).
21
Let k(m) be the second derivative of -m**3/3 + m**2/2 + m. Let r(p) = 12 + p + 1 - 1. Let l be r(-9). Give k(l).
-5
Let z(b) = 13*b + 16*b + 19*b - 11*b + 2*b - 427. Determine z(11).
2
Let c = 16079 + -16087. Let p(b) = b**3 + 10*b**2 + 21*b + 32. Determine p(c).
-8
Suppose 361*a - 369*a - 4904 = 0. Let x = -618 - a. Let y(d) = -d**3 - 5*d**2 + 2*d + 1. What is y(x)?
-9
Let p(i) be the second derivative of i**6/120 + i**5/30 - i**4/24 - 2*i**3/3 + 35*i**2/2 + 14*i - 2. Let w(v) be the first derivative of p(v). Give w(3).
38
Let u(q) = q**3 - 21*q**2 - 2*q + 20. Let j be (3*(-105)/25)/(81/(-135)). Calculate u(j).
-22
Let q = -82 + 79. Let v(l) = 2*l - 1. Let p(i) = -5*i + 3. Let z(h) = q*v(h) - p(h). Suppose 0 = 5*x + 4 + 11. Calculate z(x).
3
Let s(c) = 2*c + 2. Let g = -153 - -157. Suppose -16*r + 11*r + 4*x = 19, -3*r - g*x - 37 = 0. Determine s(r).
-12
Let d(s) = 2*s**2 + 11*s + 2. Let g(a) = a**2 + 11*a + 6. Let f(r) = 2*d(r) - 3*g(r). Determine f(13).
12
Let n = 3 - -3. Let g(f) = -2*f + 15*f - 24*f + 11 + 10*f. Determine g(n).
5
Let t(y) = 282*y + 266*y + 276*y + 24 - 836*y. Determine t(8).
-72
Let u(d) = -4*d**2 - 2*d - 2. Let o(f) = 2*f**2 + 7*f + 12. Let i(s) = -o(s) - u(s). Determine i(3).
-7
Let k(i) = -3*i + 6. Suppose 8*t + 54 = 14*t. Let n(o) = -8*o**2 + 13 + o**3 - 4*o**3 - 23*o + 12*o + 4*o**3. Let l be n(t). What is k(l)?
21
Let k = -32 + 8. Let u = k - -31. Let j(a) = 4 - 35*a + 4*a + a**2 + 11*a + 12*a. Calculate j(u).
-3
Let p(o) = 15*o**2 - 2*o + 1. Let a(t) = 9*t + 24. Let q be a(-9). Let j = q - -61. Let i be (-4)/(-6)*21/56*j. What is p(i)?
14
Let y = -2 - 1. Let k(r) be the second derivative of r**4/6 + r**3/3 - 2*r**2 - 103916*r. Calculate k(y).
8
Let a be (-276)/3 + (-2 - 2) + 0. Let r = a + 94. Let u(n) be the third derivative of -3*n**4/8 + 8*n**2. Determine u(r).
18
Let u(a) = a**3 - 28*a**2 - 29*a + 32. Let z be u(29). Suppose 8 = 31*g - z*g. Let b(c) = -c**2 - 7*c - 3. Determine b(g).
-11
Let r = -104 - -106. Let f(o) = 21 + o - 4*o - o**3 + 4*o**r - 16. What is f(4)?
-7
Let i(b) be the third derivative of -11*b**4/12 + b